{"id":6458,"date":"2025-07-07T17:09:09","date_gmt":"2025-07-07T20:09:09","guid":{"rendered":"https:\/\/clientes.jusanalytics.com.br\/professor\/?page_id=6458"},"modified":"2025-07-07T17:17:21","modified_gmt":"2025-07-07T20:17:21","slug":"vladmir-oliveira-da-silveira","status":"publish","type":"page","link":"https:\/\/clientes.jusanalytics.com.br\/professor\/vladmir-oliveira-da-silveira\/","title":{"rendered":"Vladmir Oliveira da Silveira"},"content":{"rendered":"\t\t<div data-elementor-type=\"wp-page\" data-elementor-id=\"6458\" class=\"elementor elementor-6458\">\n\t\t\t\t<div class=\"elementor-element elementor-element-48e4bee e-con-full e-flex wpr-particle-no wpr-jarallax-no wpr-parallax-no wpr-sticky-section-no e-con e-parent\" data-id=\"48e4bee\" data-element_type=\"container\">\n\t\t<div class=\"elementor-element elementor-element-e12909c e-con-full e-flex wpr-particle-no wpr-jarallax-no wpr-parallax-no wpr-sticky-section-no e-con e-child\" data-id=\"e12909c\" data-element_type=\"container\">\n\t\t\t\t<div class=\"elementor-element elementor-element-30a344f elementor-widget__width-initial elementor-widget elementor-widget-image\" data-id=\"30a344f\" data-element_type=\"widget\" data-widget_type=\"image.default\">\n\t\t\t\t\t\t\t\t\t\t\t\t\t\t\t<img fetchpriority=\"high\" decoding=\"async\" width=\"300\" height=\"300\" src=\"https:\/\/clientes.jusanalytics.com.br\/professor\/wp-content\/uploads\/2020\/11\/Design-sem-nome-19-e1607007557842.png\" class=\"attachment-large size-large wp-image-4105\" alt=\"Vladmir Oliveira da Silveira\" srcset=\"https:\/\/clientes.jusanalytics.com.br\/professor\/wp-content\/uploads\/2020\/11\/Design-sem-nome-19-e1607007557842.png 300w, https:\/\/clientes.jusanalytics.com.br\/professor\/wp-content\/uploads\/2020\/11\/Design-sem-nome-19-e1607007557842-150x150.png 150w\" sizes=\"(max-width: 300px) 100vw, 300px\" \/>\t\t\t\t\t\t\t\t\t\t\t\t\t\t\t<\/div>\n\t\t\t\t<\/div>\n\t\t<div class=\"elementor-element elementor-element-8c589e8 e-con-full e-flex wpr-particle-no wpr-jarallax-no wpr-parallax-no wpr-sticky-section-no e-con e-child\" data-id=\"8c589e8\" data-element_type=\"container\">\n\t\t\t\t<div class=\"elementor-element elementor-element-6c859b0 elementor-widget elementor-widget-heading\" data-id=\"6c859b0\" data-element_type=\"widget\" data-widget_type=\"heading.default\">\n\t\t\t\t\t<h2 class=\"elementor-heading-title elementor-size-default\">Vladmir Oliveira da Silveira<\/h2>\t\t\t\t<\/div>\n\t\t\t\t<div class=\"elementor-element elementor-element-c34d871 elementor-widget elementor-widget-text-editor\" data-id=\"c34d871\" data-element_type=\"widget\" data-widget_type=\"text-editor.default\">\n\t\t\t\t\t\t\t\t\t<p style=\"margin-bottom: 20px; color: #707070; font-family: Montserrat, Arial, Helvetica, sans-serif; font-size: 15px; font-style: normal; font-weight: 400;\"><span style=\"font-weight: bold;\">\u00a0<\/span>Vladmir Oliveira da Silveira, fez est\u00e1gio de p\u00f3s-doutorado em Direito pela Universidade Federal de Santa Catarina \u2013 UFSC (2009), possui doutorado em Direito pela Pontif\u00edcia Universidade Cat\u00f3lica de S\u00e3o Paulo \u2013 PUC-SP (2006) e mestrado em Direito pela Pontif\u00edcia Universidade Cat\u00f3lica de S\u00e3o Paulo \u2013 PUC-SP.<\/p><p style=\"margin-bottom: 20px; color: #707070; font-family: Montserrat, Arial, Helvetica, sans-serif; font-size: 15px; font-style: normal; font-weight: 400;\">Vladmir Oliveira da Silveira \u00e9 professor Titular de Direito, da Universidade Federal de Mato Grosso do Sul \u2013 UFMS. \u00c9 professor de Direito da Pontif\u00edcia Universidade Cat\u00f3lica de S\u00e3o Paulo \u2013 PUC-SP. \u00c9, tamb\u00e9m, Coordenador do Programa de P\u00f3s-gradua\u00e7\u00e3o em Direito da Universidade Federal de Mato Grosso do Sul \u2013 UFMS.<\/p><p style=\"margin-bottom: 20px; color: #707070; font-family: Montserrat, Arial, Helvetica, sans-serif; font-size: 15px; font-style: normal; font-weight: 400;\">\u00c9 membro da Comiss\u00e3o de Direito Militar da OAB\/SP (2019-2021). Foi consultor ad hoc para CAPES\/MEC, CNPq, FAPEMIG, FUNDECT\/MS. Foi Coordenador do Programa de Mestrado em Direito da UNINOVE (2011-2016).<\/p><p style=\"margin-bottom: 20px; color: #707070; font-family: Montserrat, Arial, Helvetica, sans-serif; font-size: 15px; font-style: normal; font-weight: 400;\">Foi Secret\u00e1rio Executivo (2007-2009) e Presidente (2009-2013) do Conselho Nacional de Pesquisa e P\u00f3s-Gradua\u00e7\u00e3o em Direito (CONPEDI Sociedade Cient\u00edfica da \u00c1rea do Direito). Foi membro do Comit\u00ea da \u00c1rea do Direito da CAPES\/MEC (2008-2010), do Comit\u00ea T\u00e9cnico Cient\u00edfico da CAPES\/MEC (2002-2005) e do Conselho Superior da CAPES\/MEC (2005-2006). Foi membro da Comiss\u00e3o de Altos Estudos do Centro de Refer\u00eancia Mem\u00f3rias Reveladas (2011-2014).<\/p><p style=\"margin-bottom: 20px; color: #707070; font-family: Montserrat, Arial, Helvetica, sans-serif; font-size: 15px; font-style: normal; font-weight: 400;\">Na advocacia, \u00e9 s\u00f3cio da Advocacia Ubirajara Silveira e tem experi\u00eancia na \u00e1rea de Direito de Defesa do Consumidor e Direito P\u00fablico, com \u00eanfase em Direito Administrativo, Direitos Humanos, Internacional, Constitucional e Educacional.<\/p><p style=\"margin-bottom: 0px; color: #707070; font-family: Montserrat, Arial, Helvetica, sans-serif; font-size: 15px; font-style: normal; font-weight: 400;\">\u00c9 Editor Adjunto da Revista de Direito Brasileira \u2013 RDB. \u00c9 Conselheiro Cient\u00edfico da Revista de Direito da Universidade Federal de Mato Grosso do Sul \u2013 UFMS e outros peri\u00f3dicos relevantes da \u00e1rea do Direito.<\/p>\t\t\t\t\t\t\t\t<\/div>\n\t\t\t\t<\/div>\n\t\t\t\t<\/div>\n\t\t<div class=\"elementor-element elementor-element-6b0efa8 e-con-full e-flex wpr-particle-no wpr-jarallax-no wpr-parallax-no wpr-sticky-section-no e-con e-parent\" data-id=\"6b0efa8\" data-element_type=\"container\">\n\t\t<div class=\"elementor-element elementor-element-c0bf85b e-con-full e-flex wpr-particle-no wpr-jarallax-no wpr-parallax-no wpr-sticky-section-no e-con e-child\" data-id=\"c0bf85b\" data-element_type=\"container\">\n\t\t\t\t<\/div>\n\t\t<div class=\"elementor-element elementor-element-6da7ba5 e-con-full e-flex wpr-particle-no wpr-jarallax-no wpr-parallax-no wpr-sticky-section-no e-con e-child\" data-id=\"6da7ba5\" data-element_type=\"container\">\n\t\t\t\t<div class=\"elementor-element elementor-element-e13e82a elementor-view-default elementor-position-top elementor-mobile-position-top elementor-widget elementor-widget-icon-box\" data-id=\"e13e82a\" data-element_type=\"widget\" data-widget_type=\"icon-box.default\">\n\t\t\t\t\t\t\t<div class=\"elementor-icon-box-wrapper\">\n\n\t\t\t\t\t\t<div class=\"elementor-icon-box-icon\">\n\t\t\t\t<a href=\"https:\/\/buscatextual.cnpq.br\/buscatextual\/visualizacv.do?metodo=apresentar&#038;id=K4710872H1\" class=\"elementor-icon\" tabindex=\"-1\" aria-label=\"Curr\u00edculo Lattes\">\n\t\t\t\t<svg aria-hidden=\"true\" class=\"e-font-icon-svg e-far-file\" viewBox=\"0 0 384 512\" xmlns=\"http:\/\/www.w3.org\/2000\/svg\"><path d=\"M369.9 97.9L286 14C277 5 264.8-.1 252.1-.1H48C21.5 0 0 21.5 0 48v416c0 26.5 21.5 48 48 48h288c26.5 0 48-21.5 48-48V131.9c0-12.7-5.1-25-14.1-34zM332.1 128H256V51.9l76.1 76.1zM48 464V48h160v104c0 13.3 10.7 24 24 24h104v288H48z\"><\/path><\/svg>\t\t\t\t<\/a>\n\t\t\t<\/div>\n\t\t\t\n\t\t\t\t\t\t<div class=\"elementor-icon-box-content\">\n\n\t\t\t\t\t\t\t\t\t<h3 class=\"elementor-icon-box-title\">\n\t\t\t\t\t\t<a href=\"https:\/\/buscatextual.cnpq.br\/buscatextual\/visualizacv.do?metodo=apresentar&#038;id=K4710872H1\" >\n\t\t\t\t\t\t\tCurr\u00edculo Lattes\t\t\t\t\t\t<\/a>\n\t\t\t\t\t<\/h3>\n\t\t\t\t\n\t\t\t\t\n\t\t\t<\/div>\n\t\t\t\n\t\t<\/div>\n\t\t\t\t\t\t<\/div>\n\t\t\t\t<\/div>\n\t\t<div class=\"elementor-element elementor-element-d81866e e-con-full e-flex wpr-particle-no wpr-jarallax-no wpr-parallax-no wpr-sticky-section-no e-con e-child\" data-id=\"d81866e\" data-element_type=\"container\">\n\t\t\t\t<div class=\"elementor-element elementor-element-aacc048 elementor-view-default elementor-position-top elementor-mobile-position-top elementor-widget elementor-widget-icon-box\" data-id=\"aacc048\" data-element_type=\"widget\" data-widget_type=\"icon-box.default\">\n\t\t\t\t\t\t\t<div class=\"elementor-icon-box-wrapper\">\n\n\t\t\t\t\t\t<div class=\"elementor-icon-box-icon\">\n\t\t\t\t<a href=\"https:\/\/scholar.google.com.br\/citations?user=9E5-6dsAAAAJ&#038;hl=pt-BR\" class=\"elementor-icon\" tabindex=\"-1\" aria-label=\"Google Acad\u00eamico\">\n\t\t\t\t<svg aria-hidden=\"true\" class=\"e-font-icon-svg e-far-file\" viewBox=\"0 0 384 512\" xmlns=\"http:\/\/www.w3.org\/2000\/svg\"><path d=\"M369.9 97.9L286 14C277 5 264.8-.1 252.1-.1H48C21.5 0 0 21.5 0 48v416c0 26.5 21.5 48 48 48h288c26.5 0 48-21.5 48-48V131.9c0-12.7-5.1-25-14.1-34zM332.1 128H256V51.9l76.1 76.1zM48 464V48h160v104c0 13.3 10.7 24 24 24h104v288H48z\"><\/path><\/svg>\t\t\t\t<\/a>\n\t\t\t<\/div>\n\t\t\t\n\t\t\t\t\t\t<div class=\"elementor-icon-box-content\">\n\n\t\t\t\t\t\t\t\t\t<h3 class=\"elementor-icon-box-title\">\n\t\t\t\t\t\t<a href=\"https:\/\/scholar.google.com.br\/citations?user=9E5-6dsAAAAJ&#038;hl=pt-BR\" >\n\t\t\t\t\t\t\tGoogle Acad\u00eamico\t\t\t\t\t\t<\/a>\n\t\t\t\t\t<\/h3>\n\t\t\t\t\n\t\t\t\t\n\t\t\t<\/div>\n\t\t\t\n\t\t<\/div>\n\t\t\t\t\t\t<\/div>\n\t\t\t\t<\/div>\n\t\t\t\t<\/div>\n\t\t\t\t<\/div>\n\t\t","protected":false},"excerpt":{"rendered":"<p>Vladmir Oliveira da Silveira \u00a0Vladmir Oliveira da Silveira, fez est\u00e1gio de p\u00f3s-doutorado em Direito pela Universidade Federal de Santa Catarina \u2013 UFSC (2009), possui doutorado em Direito pela Pontif\u00edcia Universidade Cat\u00f3lica de S\u00e3o Paulo \u2013 PUC-SP (2006) e mestrado em Direito pela Pontif\u00edcia Universidade Cat\u00f3lica de S\u00e3o Paulo \u2013 PUC-SP. Vladmir Oliveira da Silveira \u00e9 professor Titular de Direito, da Universidade Federal de Mato Grosso do Sul \u2013 UFMS. \u00c9 professor de Direito da Pontif\u00edcia Universidade Cat\u00f3lica de S\u00e3o Paulo \u2013 PUC-SP. \u00c9, tamb\u00e9m, Coordenador do Programa de P\u00f3s-gradua\u00e7\u00e3o em Direito da Universidade Federal de Mato Grosso do Sul \u2013 UFMS. \u00c9 membro da Comiss\u00e3o de Direito Militar da OAB\/SP (2019-2021). Foi consultor ad hoc para CAPES\/MEC, CNPq, FAPEMIG, FUNDECT\/MS. Foi Coordenador do Programa de Mestrado em Direito da UNINOVE (2011-2016). Foi Secret\u00e1rio Executivo (2007-2009) e Presidente (2009-2013) do Conselho Nacional de Pesquisa e P\u00f3s-Gradua\u00e7\u00e3o em Direito (CONPEDI Sociedade Cient\u00edfica da \u00c1rea do Direito). Foi membro do Comit\u00ea da \u00c1rea do Direito da CAPES\/MEC (2008-2010), do Comit\u00ea T\u00e9cnico Cient\u00edfico da CAPES\/MEC (2002-2005) e do Conselho Superior da CAPES\/MEC (2005-2006). Foi membro da Comiss\u00e3o de Altos Estudos do Centro de Refer\u00eancia Mem\u00f3rias Reveladas (2011-2014). Na advocacia, \u00e9 s\u00f3cio da Advocacia Ubirajara Silveira e tem experi\u00eancia na \u00e1rea de Direito de Defesa do Consumidor e Direito P\u00fablico, com \u00eanfase em Direito Administrativo, Direitos Humanos, Internacional, Constitucional e Educacional. \u00c9 Editor Adjunto da Revista de Direito Brasileira \u2013 RDB. \u00c9 Conselheiro Cient\u00edfico da Revista de Direito da Universidade Federal de Mato Grosso do Sul \u2013 UFMS e outros peri\u00f3dicos relevantes da \u00e1rea do Direito. Curr\u00edculo Lattes Google Acad\u00eamico<\/p>\n","protected":false},"author":1,"featured_media":0,"parent":0,"menu_order":0,"comment_status":"closed","ping_status":"closed","template":"elementor_header_footer","meta":{"site-sidebar-layout":"no-sidebar","site-content-layout":"","ast-site-content-layout":"full-width-container","site-content-style":"default","site-sidebar-style":"default","ast-global-header-display":"","ast-banner-title-visibility":"","ast-main-header-display":"","ast-hfb-above-header-display":"","ast-hfb-below-header-display":"","ast-hfb-mobile-header-display":"","site-post-title":"disabled","ast-breadcrumbs-content":"","ast-featured-img":"disabled","footer-sml-layout":"","theme-transparent-header-meta":"default","adv-header-id-meta":"","stick-header-meta":"","header-above-stick-meta":"","header-main-stick-meta":"","header-below-stick-meta":"","astra-migrate-meta-layouts":"set","ast-page-background-enabled":"default","ast-page-background-meta":{"desktop":{"background-color":"var(--ast-global-color-5)","background-image":"","background-repeat":"repeat","background-position":"center center","background-size":"auto","background-attachment":"scroll","background-type":"","background-media":"","overlay-type":"","overlay-color":"","overlay-opacity":"","overlay-gradient":""},"tablet":{"background-color":"","background-image":"","background-repeat":"repeat","background-position":"center center","background-size":"auto","background-attachment":"scroll","background-type":"","background-media":"","overlay-type":"","overlay-color":"","overlay-opacity":"","overlay-gradient":""},"mobile":{"background-color":"","background-image":"","background-repeat":"repeat","background-position":"center center","background-size":"auto","background-attachment":"scroll","background-type":"","background-media":"","overlay-type":"","overlay-color":"","overlay-opacity":"","overlay-gradient":""}},"ast-content-background-meta":{"desktop":{"background-color":"var(--ast-global-color-4)","background-image":"","background-repeat":"repeat","background-position":"center center","background-size":"auto","background-attachment":"scroll","background-type":"","background-media":"","overlay-type":"","overlay-color":"","overlay-opacity":"","overlay-gradient":""},"tablet":{"background-color":"var(--ast-global-color-4)","background-image":"","background-repeat":"repeat","background-position":"center center","background-size":"auto","background-attachment":"scroll","background-type":"","background-media":"","overlay-type":"","overlay-color":"","overlay-opacity":"","overlay-gradient":""},"mobile":{"background-color":"var(--ast-global-color-4)","background-image":"","background-repeat":"repeat","background-position":"center center","background-size":"auto","background-attachment":"scroll","background-type":"","background-media":"","overlay-type":"","overlay-color":"","overlay-opacity":"","overlay-gradient":""}},"footnotes":""},"class_list":["post-6458","page","type-page","status-publish","hentry"],"_links":{"self":[{"href":"https:\/\/clientes.jusanalytics.com.br\/professor\/wp-json\/wp\/v2\/pages\/6458","targetHints":{"allow":["GET"]}}],"collection":[{"href":"https:\/\/clientes.jusanalytics.com.br\/professor\/wp-json\/wp\/v2\/pages"}],"about":[{"href":"https:\/\/clientes.jusanalytics.com.br\/professor\/wp-json\/wp\/v2\/types\/page"}],"author":[{"embeddable":true,"href":"https:\/\/clientes.jusanalytics.com.br\/professor\/wp-json\/wp\/v2\/users\/1"}],"replies":[{"embeddable":true,"href":"https:\/\/clientes.jusanalytics.com.br\/professor\/wp-json\/wp\/v2\/comments?post=6458"}],"version-history":[{"count":13,"href":"https:\/\/clientes.jusanalytics.com.br\/professor\/wp-json\/wp\/v2\/pages\/6458\/revisions"}],"predecessor-version":[{"id":6471,"href":"https:\/\/clientes.jusanalytics.com.br\/professor\/wp-json\/wp\/v2\/pages\/6458\/revisions\/6471"}],"wp:attachment":[{"href":"https:\/\/clientes.jusanalytics.com.br\/professor\/wp-json\/wp\/v2\/media?parent=6458"}],"curies":[{"name":"wp","href":"https:\/\/api.w.org\/{rel}","templated":true}]}}